of 9*n**4/4 + n**3/3 + n**2 + n - 1. Let t(g) = 11*g**3 + g**2 + 2*g. Let a be t(-2). Let j = a + 87. Calculate p(j).
-9
Let p(i) be the first derivative of -i**3/3 + 7*i**2/2 - 5*i + 73. Let r be p(2). Let v(x) = x**2 - 5*x - 5. Determine v(r).
-5
Let v(h) = 2*h + 1. Suppose 15273 - 4353 = -21*q. Let y = q + 527. What is v(y)?
15
Let g(n) = -418*n - 8356. Let v be g(-20). Let b(u) = -4*u - 2 + 7 + 0. Determine b(v).
-11
Let f(z) be the first derivative of 89 - 1/2*z**2 + 9*z. Determine f(13).
-4
Let a(h) = -h**2 - 7*h + 1 + 31 + 38 + 4*h - 5*h. Determine a(-13).
5
Let x(p) = -12*p**3 - p + 1. Let z = 0 + 6. Let u(o) = 5*o - 29. Let h be u(z). Calculate x(h).
-12
Let a(l) be the third derivative of l**5/60 - 2*l**4/3 - 23*l**3/6 - l**2. Suppose -317 - 819 = -60*m - 116. Calculate a(m).
-6
Let g be 1/((-16)/20) - (-2355)/(-20). Let h = 106 + g. Let f(x) = x**2 + 12*x - 10. Determine f(h).
3
Let k(n) be the first derivative of -n**3 + 19*n**2 + 2*n - 811. Calculate k(13).
-11
Let h(k) = -k**3 + 6*k**2 - 6*k + 1. Suppose 0 = 31*c - 33*c + 18. Suppose -j - 5*g - 11 = 0, -5*j + c = 3*g - 2. What is h(j)?
9
Let y(h) be the third derivative of -h**6/120 + h**5/4 - 7*h**4/12 - 4*h**3/3 + 879*h**2. What is y(14)?
-8
Let k(t) = 3*t + 19. Let n(r) = r**2 + 45*r - 1474. Let y be n(22). What is k(y)?
19
Suppose -13 = -4*c + p, 0*c + 14 = 2*c - 2*p. Let v(n) = -9*n. Let o(g) = -28*g - 1. Let s(k) = c*o(k) - 7*v(k). Let y = -209 + 207. Calculate s(y).
-16
Let p(u) = -99 - 9 - 12 + 2*u - 52 + 3*u. Determine p(33).
-7
Let q(s) be the third derivative of -s**7/2520 - s**6/360 - s**5/120 - 13*s**4/24 - 61*s**2. Let k(c) be the second derivative of q(c). What is k(-2)?
-1
Let v(i) = 200*i**2 + 32*i - 68*i - 199*i**2 + 49*i + 26. What is v(-10)?
-4
Let w be (-11)/(-33) - (-143)/3. Let p = w - 80. Let v be 8/p - 46/8. Let m(a) = -a - 7. Determine m(v).
-1
Let p(o) = 51*o + 594. Let y(t) = 53*t + 588. Let a(n) = 7*p(n) - 6*y(n). Calculate a(-16).
6
Let h(y) = y**2 - 2*y - 114. Let d be h(-10). Suppose -3*i - 4*g = 8, -2*g + 8 = 5*i - d*g. Let k(l) = l**3 + l**2 - l - 1. Calculate k(i).
-1
Let j(f) = -f**3 - 6*f**2 - 2. Suppose 0 = 41*o - 355 - 424. Suppose -15*g + o = 109. What is j(g)?
-2
Let y(q) = -q**2 + 9*q + 10. Suppose 36*j + 2208 = 44*j. Let v = 283 - j. What is y(v)?
24
Let i(c) = c**2 - 7*c + 4. Let r be 12*7/168*4. Let a(u) = -u - 5. Let l(s) = s + 4. Let w(x) = 2*a(x) + 3*l(x). Let v be w(r). Calculate i(v).
-8
Let k = 13 + -9. Suppose f + k = -0. Let t(z) be the third derivative of z**6/120 + z**5/15 + z**4/24 + 251*z**2. What is t(f)?
-4
Let f(u) = 73*u - 1675. Let g be f(23). Let y(k) = 2*k + 7. Determine y(g).
15
Let k(l) be the second derivative of 1/6*l**3 - 12*l + 1/24*l**4 + 0 - 3*l**2. Let c(z) be the first derivative of k(z). Calculate c(-6).
-5
Suppose -215*t + 1442 = 152. Let p(k) = k**3 - 4*k**2 - 9*k + 17. Give p(t).
35
Suppose -5*j - j = -8*j - 12. Let f(b) = 28*b + 162. Calculate f(j).
-6
Let k(b) be the second derivative of b**5/20 + b**4/3 - b**3/3 - 3*b**2 + 817*b. Determine k(-4).
2
Let m(x) = 49*x - 978. Let t = 47750 + -47730. What is m(t)?
2
Let b be (4 + 56/(-12))/((-4)/6). Let g(z) be the first derivative of -z - 2 + 11*z**2 - 6*z + 8*z. Calculate g(b).
23
Suppose 43*s - 14*s - 5*s = 72. Let j(g) be the first derivative of -5/3*g**3 - 12 + 1/4*g**4 + s*g**2 + 0*g. Calculate j(4).
8
Suppose -51 + 71 = -2*q + 4*v, -4*q = -2*v - 2. Let a(n) = n**3 - 6*n**2 + 6*n - 5. Determine a(q).
-13
Let w = -38 - -27. Let p(v) = -v**2 + 2*v + 8. Let o(b) = -8*b - 10*b**2 + b + 12*b**2 - 15 - 4*b + 7*b. Let r(d) = w*p(d) - 6*o(d). Determine r(3).
-1
Let m(g) be the third derivative of 13*g**5/20 - g**4/24 + g**3/3 - 2916*g**2. Give m(1).
40
Let m(t) = -46*t + 126. Let r(j) = 22*j - 54. Let n(w) = -6*m(w) - 13*r(w). Calculate n(-5).
-4
Let s be 40/6*(-63)/(-42). Let z(j) = j**3 - 12*j**2 + 16*j + 49. Let o be z(s). Let a(y) = -y**3 + 10*y**2 - 10*y + 15. Give a(o).
6
Let m(f) = -f + 8. Let x(l) = -l + 7. Let a(j) = -5*m(j) + 6*x(j). Suppose 6 = 5*u - 3*n, 4*u + 89*n - 88*n - 15 = 0. What is a(u)?
-1
Let j(v) = 217*v - 71. Let x(h) = -40*h + 14. Let y(i) = 2*j(i) + 11*x(i). Give y(5).
-18
Let i(d) = -105*d**2 + 16*d - 22. Let w(x) = -11*x**2 + 2*x - 3. Let n(k) = i(k) - 10*w(k). What is n(3)?
41
Let j be 15/5 - (7 - -2). Let z(p) = -12*p**2 + p**3 + 7*p + 12*p - 10*p - 8. Let q(i) = i**3 - 13*i**2 + 9*i - 8. Let a(n) = j*z(n) + 5*q(n). Give a(6).
-10
Let h(q) = q**2 + 7*q - 4. Let y(s) = -15*s**3 - 4*s**2 - 3*s - 1. Let a be y(-2). Let j = a + -70. Let m = j - 46. Give h(m).
-4
Let w(q) = -107*q + 52. Let z be w(-15). Let l(i) be the first derivative of 0*i**2 + 0*i**2 + 1667 + 2*i**2 - z + 7*i. What is l(-6)?
-17
Let s(t) = -73091 + 12*t - 11*t - 4*t**2 + 73090. Let w(x) = -x**3 - 5*x**2 + x + 6. Suppose 0 = -2*m - 4, o - 4*m - 28 = 5*o. Let j be w(o). Determine s(j).
-4
Suppose -26 = -6*i - 56*i + 284. Let q(w) = -12*w. What is q(i)?
-60
Let y(g) be the third derivative of 23*g**4/24 - 45*g**3/2 + 5*g**2 + 239. Calculate y(6).
3
Suppose -4*r = -3*r + 4. Let c be (r - -2)/(5/10). Let q(s) = 2*s + 2. Give q(c).
-6
Let m(n) = 3432*n - 1686*n + 8 - 1729*n. What is m(0)?
8
Suppose -97*z = -380*z + 9339. Let x(u) be the third derivative of -z*u**2 + 0*u**3 + 0*u + 1/24*u**4 + 0. Determine x(-3).
-3
Let u = -1 + 1. Suppose u*z - 2 = -2*z. Let i(y) be the third derivative of -y**5/6 - y**3/6 - 11934*y**2. Give i(z).
-11
Let n(q) = q**3 + 33*q**2 - 9*q - 297. Let j be n(-33). Let i(g) be the third derivative of -g**4/24 - 3*g**3/2 + 2*g**2. Determine i(j).
-9
Suppose 26 = -4*j + 2. Let v be (40/6)/((-86)/(-645)). Let x(f) = f**2 - f + 20 + 25 - v + 9*f. Determine x(j).
-17
Let p(m) be the third derivative of 13*m**4/24 + 32*m**3/3 - 89*m**2 - 3*m. Give p(-5).
-1
Let f be (-108336)/6660 + 4/15. Let u(c) = 18 + 3*c + 0*c - 2*c + 7. What is u(f)?
9
Let q(m) = -4*m**3 + 294*m**2 - 148*m + 123. Let w be q(73). Let x(o) = o**2 + 25*o + 29. What is x(w)?
-17
Suppose m + 16 = -u, -5*u = 3*m + 2 + 70. Let l(b) = -6*b - 28. Determine l(u).
44
Let x(y) = -3*y + 46. Let v be 28*((-9)/21 + 1). Calculate x(v).
-2
Let o(q) = -q**2 - 3*q - 3. Let m(d) = d**3 + 3*d**2 + 15*d + 19. Let l(a) = -m(a) - 5*o(a). Let r(u) = -u**2 + 12*u + 15. Let j be r(13). Calculate l(j).
-4
Let x(c) be the second derivative of -5*c**3/6 - 53*c**2/2 + 477*c. Determine x(-10).
-3
Let r = 11780 + -11779. Let d(n) = 20*n**3 - 2*n**2 + 2. Determine d(r).
20
Let q(g) = -27*g**3 - 21*g**2 - 66*g - 37. Let i(u) = 11*u**3 + 15*u**2 + 33*u + 19. Let r(y) = 5*i(y) + 2*q(y). What is r(-32)?
-11
Let x(b) be the third derivative of -13/120*b**5 + 0 + 0*b + 1/3*b**4 + 0*b**3 + 1/720*b**6 - 20*b**2. Let j(c) be the second derivative of x(c). Give j(0).
-13
Let a = 40 - 6. Let h = -19 + a. Let o(s) = -28 + 5 + h + 11 - 3*s. Calculate o(2).
-3
Suppose 4*d - 6*d = 2*u, 4*d = -2*u + 6. Let k(y) = 24*y + 30. Calculate k(u).
-42
Suppose -3*s = 3*v - 0*v - 87, 0 = -5*s. Let z = v - 9. Let d(c) = -14*c**2 + 45*c**2 - 12*c**2 - z*c**2 + 8*c + 6. What is d(8)?
6
Let b be (((-4 + 4)/(-1))/1)/1. Suppose b = j + 89 - 104. Let c(x) = x**3 - 16*x**2 + 16*x - 16. Calculate c(j).
-1
Let q = -20 + 12. Let r(j) = -237*j - 16. Let n(z) = -435*z - 30. Let w(d) = -6*n(d) + 11*r(d). What is w(q)?
-20
Let o(m) = -m - 3. Let b(p) = p + 2. Let w(q) = 7*b(q) + 5*o(q). Let l(v) = -8*v + 20 - 5*v - 21 + 14*v. Let j(z) = -7*l(z) + 4*w(z). Calculate j(0).
3
Suppose 0 = 4*z, -z = 3*x + x - 832. Let k = x - 225. Let j(v) = v + 20. Give j(k).
3
Let v(j) = -j - 2. Suppose 0 = -a - h + 14 - 3, -2*a + 23 = 3*h. Let m be (-8)/(-5) + -3 + (-6)/a. Calculate v(m).
0
Suppose -32 = -o + 4*b - 0*b, -o - 2*b = -8. Suppose -o*s - 20 = -20*s. Suppose -4*m + s*m = -2*m. Let w(d) = d - 16. Determine w(m).
-16
Suppose -3*m + 4 = -2*s, -4*m + 2*s + 8 = -0*m. Suppose -3*o + 16*x - 15*x + 3 = 0, o - 1 = m*x. Let w(c) = -42*c. Calculate w(o).
-42
Let c(h) = -h**2 - h + 1. Let u be ((-35)/(-42))/(12/72). Let m be ((-56)/42)/(u/15). Calculate c(m).
-11
Let l(o) = -9*o + 4. Let c(b) = -13*b - 1. Let r(w) = 3*c(w) - 2*l(w). Calculate r(-1).
10
Suppose 3*q = -5*n - 3, -n + q = -4*n - 1. Let b(w) = -6*w + 9. Let o(h) = 7*h - 11. Let l(s) = -8*b(s) - 7*o(s). Cal